11010111011
In base 7, what is -1041 + 3?
-1035
In base 7, what is 1 + 2404?
2405
In base 3, what is 1022121 - -11?
1022202
In base 8, what is -30 - -5?
-23
In base 6, what is 3000 - 0?
3000
In base 14, what is a4 + 1?
a5
In base 10, what is 1230 - 3?
1227
In base 14, what is 0 + 9?
9
In base 14, what is 6c - 3?
69
In base 15, what is 2 - 2?
0
In base 10, what is -4 - 1?
-5
In base 10, what is -4 - -157?
153
In base 15, what is -8 + 55d?
555
In base 15, what is -87 + -4?
-8b
In base 16, what is -5d - -1?
-5c
In base 5, what is 1 - 21242?
-21241
In base 2, what is -100111101 + -10?
-100111111
In base 11, what is -3668 - -2?
-3666
In base 10, what is -61 + -2?
-63
In base 14, what is -3c + -24?
-62
In base 12, what is 394 + -16?
37a
In base 6, what is -321 + -2?
-323
In base 14, what is -3b + -21?
-5c
In base 5, what is 2131 + -34?
2042
In base 15, what is a + b?
16
In base 13, what is 353 - 9?
347
In base 13, what is 3784 + 3?
3787
In base 4, what is -10 + -31331?
-32001
In base 12, what is 7 - -13b?
146
In base 3, what is -212021 + -20?
-212111
In base 16, what is cb96 + -4?
cb92
In base 13, what is 2 + 5?
7
In base 10, what is -1272 + 4?
-1268
In base 2, what is 10000010 - 11?
1111111
In base 7, what is -2635 + 13?
-2622
In base 2, what is 100011111000 + 0?
100011111000
In base 13, what is -31a - 1?
-31b
In base 7, what is 255 - 4?
251
In base 4, what is 32032 + 10?
32102
In base 4, what is 2203102 - -10?
2203112
In base 11, what is 4 + 10a8?
1101
In base 12, what is -3061 - 0?
-3061
In base 10, what is -4 - -1?
-3
In base 11, what is -30 - 524?
-554
In base 14, what is -1 - 11d?
-120
In base 14, what is bc5 + 0?
bc5
In base 9, what is 4 + 10?
14
In base 10, what is -65 + -3?
-68
In base 9, what is -13 + -467?
-481
In base 7, what is 51014 + 3?
51020
In base 14, what is 44 - 4?
40
In base 6, what is 14 + -14?
0
In base 12, what is 19 - -20?
39
In base 8, what is 5 - 347?
-342
In base 3, what is 1 + -11222100?
-11222022
In base 14, what is ca - 8?
c2
In base 13, what is -1c - -2?
-1a
In base 10, what is -9 - 56?
-65
In base 13, what is 2a54 + 0?
2a54
In base 14, what is -bb9 + 2?
-bb7
In base 13, what is -2 - 7b?
-80
In base 7, what is 1 + -31?
-30
In base 10, what is 0 - 4?
-4
In base 8, what is 12657 - 4?
12653
In base 5, what is 0 - 41144?
-41144
In base 3, what is 1012 - -20001?
21020
In base 10, what is -17 + 21?
4
In base 3, what is 22101 - 0?
22101
In base 16, what is 1f + a?
29
In base 14, what is -23 + 16?
-b
In base 4, what is 3 + 313?
322
In base 3, what is -11 + -2012?
-2100
In base 12, what is 1 - -73?
74
In base 10, what is 7317 + 4?
7321
In base 11, what is -309 - -1?
-308
In base 15, what is 338 + -1?
337
In base 10, what is 80 + 2?
82
In base 11, what is 2460 - 3?
2458
In base 16, what is -4 + -f?
-13
In base 14, what is 8 - -491?
499
In base 15, what is 2 - 32?
-30
In base 6, what is 145 + 2?
151
In base 7, what is -36554 - 4?
-36561
In base 8, what is 501 + -4?
475
In base 2, what is 10100101 - -1?
10100110
In base 11, what is -839 - -5?
-834
In base 3, what is -11011200 + 2?
-11011121
In base 7, what is 12 - 4?
5
In base 11, what is -18 + -61?
-79
In base 12, what is 1 + 244?
245
In base 6, what is 24 + -420?
-352
In base 4, what is -3213 + -113?
-3332
In base 9, what is 5 - 2151?
-2145
In base 9, what is -4 - 342?
-346
In base 12, what is 1 - 44?
-43
In base 15, what is 6 - 18?
-12
In base 13, what is 11 - -6?
17
In base 5, what is 114 - -131?
300
In base 11, what is -5 + -45?
-4a
In base 10, what is 172 - 43?
129
In base 12, what is -3 + a4?
a1
In base 5, what is 2 - -31204?
31211
In base 5, what is 104 - 1?
103
In base 11, what is -8 + 5a0?
593
In base 15, what is da + 0?
da
In base 14, what is 1 + 532?
533
In base 6, what is -1 + -2243?
-2244
In base 13, what is 8 - 33?
-28
In base 14, what is -4 - -152?
14c
In base 16, what is 2f + -1?
2e
In base 13, what is -9179 - -5?
-9174
In base 10, what is -11 + -90?
-101
In base 4, what is -132 + -111?
-303
In base 14, what is 16 - -2?
18
In base 9, what is 8 + -158?
-150
In base 6, what is 320 - 0?
320
In base 11, what is -1 - -254?
253
In base 6, what is 22 - 12331?
-12305
In base 8, what is 47 + -24?
23
In base 3, what is -110 + 10?
-100
In base 4, what is -1303 + -10?
-1313
In base 2, what is -1000000011 + 0?
-1000000011
In base 9, what is 3 - 8068?
-8065
In base 12, what is 3a1a + 4?
3a22
In base 4, what is 223 + -323?
-100
In base 13, what is -129 + 9?
-120
In base 4, what is -1 + -30120?
-30121
In base 8, what is -17445 - 0?
-17445
In base 3, what is -11 + -21200?
-21211
In base 10, what is -5 - -208?
203
In base 2, what is -100001 - -11010?
-111
In base 6, what is 10 + 2521?
2531
In base 13, what is -300 + 2?
-2cb
In base 15, what is 2 - -23?
25
In base 9, what is 5241 - 5?
5235
In base 14, what is 5d6 - -c?
604
In base 8, what is 65 + 10?
75
In base 5, what is -321 - 2?
-323
In base 8, what is 73562 - -4?
73566
In base 11, what is 25 - -4?
29
In base 15, what is -4 - -237?
233
In base 9, what is 3 - 64?
-61
In base 2, what is -111101111 - 1000?
-111110111
In base 11, what is 6 - -116?
121
In base 11, what is -1a4 + 2?
-1a2
In base 4, what is -103032 - 1?
-103033
In base 14, what is 24a - 3?
247
In base 2, what is 100011011 + 10?
100011101
In base 9, what is -1 + 281?
280
In base 16, what is 4a - -2?
4c
In base 6, what is 1 + 104314?
104315
In base 14, what is 22 + -1?
21
In base 11, what is 2 + -57?
-55
In base 15, what is 61 + 3?
64
In base 9, what is 5 + -10?
-4
In base 13, what is 17 - -a?
24
In base 8, what is -251 - -103?
-146
In base 12, what is 1119 - 0?
1119
In base 13, what is -6a1 - -4?
-69a
In base 12, what is -b - -3b2?
3a3
In base 11, what is -59 - -26?
-33
In base 4, what is -12331 + -1?
-12332
In base 8, what is -1335 + -3?
-1340
In base 5, what is 23 + 3303?
3331
In base 11, what is -54 + -3a?
-93
In base 14, what is -3 - -59?
56
In base 15, what is -7d5 + -2?
-7d7
In base 5, what is 1 + -1242?
-1241
In base 8, what is -11 + -1174?
-1205
In base 14, what is -1493 + -2?
-1495
In base 9, what is -1764 - 2?
-1766
In base 3, what is 12 + -1122?
-1110
In base 4, what is 1220 - -20?
1300
In base 4, what is -323 + -3?
-332
In base 14, what is 19 + 16?
31
In base 9, what is -1287 + 26?
-1261
In base 14, what is -b0 - -d?
-a1
In base 2, what is -11010111101 + 1011?
-11010110010
In base 14, what is -d - -2?
-b
In base 14, what is -46 + 29?
-1b
In base 4, what is -13 + -3?
-22
In base 8, what is -17 + -4?
-23
In base 7, what is 2 - 12604?
-12602
In base 9, what is 0 - 56?
-56
In base 14, what is -5 + -1026?
-102b
In base 9, what is 86 - 58?
27
In base 2, what is 11 - 100011011?
-100011000
In base 9, what is -5 + -84?
-100
In base 16, what is -6b - 7?
-72
In base 4, what is 0 - -103021?
103021
In base 12, what is 172 + 27?
199
In base 9, what is 120 - 5?
114
In base 4, what is -12130 + 1?
-12123
In base 8, what is -1 - 205?
-206
In base 2, what is -10010 + 1000?
-1010
In base 13, what is -389 - -3?
-386
In base 6, what is 0 + -20102?
-20102
In base 6, what is -12 - -10?
-2
In base 6, what is -3135 - -2?
-3133
In base 8, what is -27 - -5?
-22
In base 2, what is -11000 - -101011?
10011
In base 7, what is -523 + -33?
-556
In base 3, what is 101000 - 22?
100201
In base 16, what is 647 - 4?
643
In base 6, what is 4 - -21113?
21121
In base 8, what is 4 - -53?
57
In base 3, what is 2000 - 2?
1221
In base 5, what is -11 - 110?
-121
In base 16, what is 2 - 1dc3?
-1dc1
In base 12, what is -2 - -200?
1ba
In base 13, what is -235 + -2?
-237
In base 3, what is -20 + 2122120?
2122100
In base 15, what is 2 - 62?
-60
In base 3, what is -11102 + 10?
-11022
In base 16, what is 3 - -4ac?
4af
In base 15, what is 55 + 4?
59
In base 11, what is 3 - -379?
381
In base 12, what is -1154 - 4?
-1158
In base 9, what is -4 - -286?
282
In base 6, what is 20 + -42?
-22
In base 2, what is -1 + -110011?
-110100
In base 2, what is 0 + -1111100101?
-1111100101
In base 7, what is 54461 - 1?
54460
In base 11, what is 4 + -652?
-649
In base 8, what is 2 - -12?
14
In base 15, what is 281 + -10?
271
In base 4, what is -2033330 - -2?
-2033322
In base 11, what is 0 + 416?
416
In base 10, what is 4 + -93?
-89
In base 2, what is 100 + 1011110110?
1011111010
In base 7, what is 46435 + -2?
46433
In base 13